(-6).
3
Let n(p) = p**2 - 3*p - 2. Let r be n(3). Let t(i) = 2*i - 1. Determine t(r).
-5
Suppose 2*b = 4*c - 7*c + 6, -b + 3 = -3*c. Suppose -5 = -b*w - 2. Let a(m) = -2*m**3 - 2*m**2 + m + m**3 + 2*m - 2*m. Give a(w).
-2
Let u(b) = b**2 + 1. Let v(f) = -2*f**2 - 2. Let k(n) = -11*u(n) - 6*v(n). Let o(m) = m**2 - 3*m - 1. Let x(p) = 2*k(p) - o(p). What is x(-4)?
7
Let w(m) = 0*m - 1 + 2*m**2 - m**2 + 3*m - 2*m - 13*m**3. Determine w(1).
-12
Let d(o) = o - 1. Suppose 4*y - 16 = 0, -h + 4*y - 19 = -0*y. Let f = 4 + h. Let c(a) = a - 1. Let x(j) = f*d(j) - 2*c(j). Calculate x(4).
-3
Let k(z) = 6*z - 1. Let b be (-2)/11 + 7/((-154)/18). What is k(b)?
-7
Let k(h) be the third derivative of -h**5/60 - h**4/24 + h**3/6 - 9*h**2. Determine k(0).
1
Let r(w) = w**3 - 3*w**2 + 4*w - 2. Let k be r(2). Suppose 2*b - 6*z + 2*z = 4, -3*z = 0. Let l(f) = 4*f - 3 + b*f + k. What is l(1)?
5
Let n = 9 + -15. Let j(y) be the first derivative of y**2 + 2*y + 91. Determine j(n).
-10
Let m(s) be the third derivative of s**5/60 + s**4/6 + s**3/2 - s**2. Suppose 2*g - 64 = -2*g. Suppose 0 = 4*a - 4*v + 32, -3*v + 0*v - g = 5*a. What is m(a)?
8
Let s(b) be the second derivative of -b**4/6 - b**3/6 + 2*b**2 + 2*b. What is s(3)?
-17
Let v(h) = h**2 + 1. Let b(t) = 2*t**2 - 7*t + 6. Let z(w) = -b(w) + 3*v(w). Give z(-6).
-9
Let i(x) be the second derivative of -2*x**3/3 - 2*x**2 + 8*x. Determine i(3).
-16
Let s(n) = -n**2 - 7*n - 4. Let w = 7 - 11. Let j = w + -2. What is s(j)?
2
Let f(z) = -7*z - 18. Let c(b) = -7*b - 17. Let p(s) = -5*c(s) + 4*f(s). Let w(u) = 4*u + 7. Let m(v) = -3*p(v) + 5*w(v). Determine m(-2).
-2
Let z(m) = 5 - 2*m + 0*m + m. Suppose 0 = 3*h + 3*h. What is z(h)?
5
Let h(c) be the first derivative of -c**2/2 - 3*c + 1. Let t be h(-4). Let p(w) = w + 1. Let n(i) = i + 1. Let v(g) = -2*n(g) + 3*p(g). Calculate v(t).
2
Let m(t) be the first derivative of -t**2/2 - t + 7. Determine m(5).
-6
Let j(p) = 3*p**2 - p. Suppose 2*c - c = -1. Let q be j(c). Let i(n) = n**2 - 5*n + 1. Determine i(q).
-3
Let z(l) = -11*l. Let n be z(-1). Let y = n - 5. Let o(t) = y*t + 0*t - 4*t - t + 3. Calculate o(-3).
0
Suppose 5*l + 2*g - 13 = 0, -2*l + 3*l + 3*g = 0. Let u(s) = -s + 1 - l - s**3 - 5*s**2 + 7. Determine u(-4).
-7
Let f(u) = -7*u**2 - 14*u - 3. Let x(s) = 6*s**2 + 13*s + 1. Let i(w) = 5*f(w) + 6*x(w). Give i(-9).
0
Let v(u) = -u**2 - 7*u - 9. Let q(c) = -c**2 + 2*c + 28. Let k be q(-5). What is v(k)?
-9
Let u(m) be the second derivative of -m**3/6 - 3*m**2/2 + 7*m. Determine u(-6).
3
Suppose -5*f + 3 + 32 = 0. Let l(s) = 0 - s + s**3 + 9 - 7*s**2 + 6 - 7. What is l(f)?
1
Suppose -2*f + n + 35 = 6*n, -3*f = -5*n + 10. Let l = f - 2. Let c(j) = 4 + 1 + 0*j**l - j**3. Give c(0).
5
Let d(g) = 3*g + 2*g + 11 - 6*g. Give d(7).
4
Let p(a) = -3*a**3 - 43*a**2 - 29*a + 6. Let z(q) = -q**3 - 15*q**2 - 10*q + 2. Let y(c) = 4*p(c) - 11*z(c). Calculate y(-6).
2
Let h = 11 + -7. Suppose -9 = h*z - 3*z + 4*f, -6 = 3*f. Let t(l) = 4*l**2 - 2*l - 1. What is t(z)?
5
Let t(n) = -n**3 + 3*n**2 - 2*n + 2. Let z be 3/(-18) + 52/24. What is t(z)?
2
Let p(y) = -y**2 + 7*y - 3. Suppose 5*d = -8 - 7, -2*d + 15 = 3*x. What is p(x)?
-3
Let j(u) = u**2 + 3*u - 7. Let b(h) = h - 4. Let s be b(3). Let r = 3 - s. Suppose r*d + 16 = -4. Determine j(d).
3
Let n(d) = -2*d**2 - 3*d + 4. Let q(x) = -x**2 + 4*x - 1. Let c(t) = -t. Let p(m) = -3*c(m) - q(m). Let l(s) = -n(s) + 4*p(s). Give l(1).
5
Let l(s) = s**3 - 2*s. Let q(a) = -2*a**3 + a**2 + 4*a. Let x(f) = 11*l(f) + 6*q(f). Calculate x(6).
12
Let f be -4 + ((-2)/(-2) - -2). Let p(m) = m - 1. Let n(x) = x**2 - 12*x - 3. Let w(s) = f*n(s) - 6*p(s). Give w(7).
2
Let g(z) = z**2 - 1. Let t be 1/(1/(1 + 0)). Let s(p) = -p - 10. Let h be s(-8). Let b = t + h. What is g(b)?
0
Let f = 3 - 5. Let c(t) = 1. Let l(n) = n**2 - 8. Let p(r) = 6*c(r) + l(r). Give p(f).
2
Let w(x) = -3*x**2 + 6*x - 17. Let r(t) = t**2 - 2*t + 6. Let n(z) = -11*r(z) - 4*w(z). Calculate n(2).
2
Let m(a) = -4*a**3 - a. Let i = 3 + -1. Suppose 4*f = -8, i = -4*j - 3*f - 0*f. What is m(j)?
-5
Suppose 0 = 4*r - 6 - 2. Suppose r*l - 6 = -l. Let f(g) = -l*g + 0 + 5*g - 1 - 4*g. Determine f(-4).
3
Let d(c) = 2*c - 2. Let j be (-10 + (-2 - 0))/(-2). Determine d(j).
10
Let l(a) = -8*a - 4. Let z(c) = 7*c + 4. Let j(v) = 6*l(v) + 7*z(v). Let f be (74 - -1)/5*4/(-10). Determine j(f).
-2
Suppose -2 = 4*y + 6. Suppose 0 = -4*k + 4*n, -2*n = -5*k - 1 + 10. Let r(h) = -2 - 1 - h**2 - h - k*h + h. What is r(y)?
-1
Let l(w) = -w - 6. Let x be 6/(-2) - (0 + -3). Suppose x = -3*b + 2*y - 10, 4*b + 2*y + 32 = -0*b. What is l(b)?
0
Let w(c) = -c**2 + 6*c + 5. Let b(t) = t**2 - 6*t - 4. Let h = -7 - -3. Let s(v) = h*w(v) - 5*b(v). Let x(l) = 3*l - 4. Let g be x(3). Determine s(g).
5
Let u(c) = -c. Suppose 6*g + 38 = 14. Give u(g).
4
Suppose -2*r - 2 = -4. Let p(y) = y - 4*y - 1 - 3*y + y. What is p(r)?
-6
Suppose -3*z - z - 4*q - 20 = 0, 0 = 3*z + q + 15. Let j(x) = -x**2 - 1. Let n(v) = -v**3 - v**2 - 4*v + 10. Let b(m) = 5*j(m) + n(m). Determine b(z).
0
Let p(o) = -3*o**2 - 12*o + 11. Let r(v) = 5*v**2 + 18*v - 17. Let t(d) = -8*p(d) - 5*r(d). Let z be 9/6*32/12. Calculate t(z).
5
Let s(j) = 4*j**3 + 6*j**2 + j + 3. Let y(u) = u**3 - u + 1. Let o(c) = -s(c) + 5*y(c). Determine o(7).
9
Suppose 5 + 0 = 5*l. Let c(y) = 5*y**2 - 1. Let f(q) = -24*q**2 + 5. Let r(t) = 11*c(t) + 2*f(t). Give r(l).
6
Suppose 0 = h - 3*h - 4*b + 6, 5*h - 30 = 5*b. Let k be 4/18 - (-32)/18. Suppose -w + 2 = k*z, h*z = 5*w - 5 - 5. Let v(s) = -s**3 - s + 6. Give v(z).
6
Let q(p) = -p**2 + p + 4. Let w be q(0). Let y(h) be the third derivative of 0*h + 0 - 2/3*h**3 + 2*h**2 - 1/24*h**w. Give y(0).
-4
Let c(i) be the second derivative of -4*i + 1/2*i**2 + 1/2*i**3 + 0. Determine c(4).
13
Let u(d) be the third derivative of -1/6*d**3 + 0*d + 3*d**2 - 1/12*d**4 - 1/360*d**6 - 1/24*d**5 + 0. Let c(b) be the first derivative of u(b). Give c(-3).
4
Let d = 8 + -8. Let s(z) be the third derivative of z**5/60 - z**4/24 + 3*z**3/2 - 3*z**2. Give s(d).
9
Let j(v) = -2*v**3 + 7*v**2 + 2*v + 1. Let w(z) = z**3 - 3*z**2 - z - 1. Let g(u) = -3*j(u) - 5*w(u). What is g(6)?
-4
Let u(m) = -4 + 5*m**2 + 7 - 2 + 5 + m**3. Determine u(-5).
6
Let a(s) = -s**3 + s**2 + s + 4. Let v be a(0). Let k(m) = 2*m**2 - 4 + 2*m**2 + 3*m + 0*m**3 - m**3. Give k(v).
8
Let h(x) = -x**3 - 8*x**2 - 6*x + 2. Suppose -3*c - 23 = -2*i + 4*i, 4*c + 12 = 0. Give h(i).
-5
Suppose -2*z + 22 = -f - 3*f, 0 = -2*f - 6. Let x(w) be the second derivative of w**5/20 - w**4/3 - 5*w**3/6 + 3*w**2/2 - w. Determine x(z).
3
Let t(j) = -2*j + 3. Suppose 3*b - 4*u = 31, -5*u + 3*u = b + 3. Let h(w) = -3*w + 4. Let l(i) = b*h(i) - 6*t(i). Determine l(4).
-10
Let a(z) be the second derivative of 1/6*z**3 + 0 - 5/2*z**2 - 4*z. What is a(4)?
-1
Let q(y) = 6*y**3 - 2*y**2 - 2*y - 7*y**3 + 3*y + 4*y**2. Determine q(3).
-6
Let w(p) = p**2 - 10*p + 10. Let x be 2/7 + (-162)/(-21). Calculate w(x).
-6
Let g(w) be the third derivative of w**4/12 - 3*w**3/2 + 4*w**2. What is g(6)?
3
Let b(x) = -3*x - 2 + x**3 + 5*x**2 - 2*x**2 - 6*x**2 + 5. What is b(4)?
7
Let c = -20 + 32. Let a = -6 + c. Let d(h) = -h**3 + 6*h**2 - h + 8. What is d(a)?
2
Suppose u - 22 = 5*d, -2*d - 5*u + 6 = 4. Let x(r) = -2*r - 4. Let l be x(-4). Let v(w) = 2*w + 2*w - l*w + 2*w + 3. What is v(d)?
-5
Let k(d) = -d**2 + 6. Let a(h) = -4 - h + 0 + 5 + 0. Let j be a(1). Give k(j).
6
Let c(d) be the first derivative of 2 - 1/3*d**3 + d + 0*d**2. Give c(3).
-8
Let q(h) = 6*h + 8. Let p(s) = 5*s + 7. Let i(c) = -4*p(c) + 3*q(c). Give i(-5).
6
Let k(q) = q - 2 + 0 + 0*q. Suppose -2*y - 5*a = 15, 3*y - 2*a = 2 + 4. Let t be (-2)/(-3 + y + 1). What is k(t)?
-1
Let j be (32/(-48))/((-4)/6). Let i(a) be the first derivative of -5*a**2 - 2 + 1 + 0 + a. What is i(j)?
-9
Let r be (-3)/(-6)*(-8)/2. Let k be (r/6)/(7/(-105)). Let z = -6 + k. Let q(l) = 3*l**3 - l - 1. Calculate q(z).
-3
Let m(b) = b**2 - b + 1. Let p(f) = f**2 + 11*f - 3*f**2 - 7*f - 2*f**2 + 1. Let x(l) = -3*m(l) - p(l). Give x(-3).
8
Let c(k) = k**2 + 4 + 4*k**3 - 3*k**3 + 0*k**2. Suppose 2*g = 4*g. What is c(g)?
4
Let n(p) = -p**2 + 2*p + 4. Let c(a) = -a - 24. Let h be c(-28). Give n(h).
-4
Let g be -3*1 - (105/(-14) - -4). Let a(w) be the first derivative of -